d be (-2)/7 + 185/35. Calculate the remainder when y is divided by z(d).
19
Suppose -y + 13 = 2*u - 7, -2*u - 6 = 0. Let z = y + -10. What is the remainder when 68 is divided by z?
4
Suppose q - 5 = -6. Let o be (-1 - q)*(-5 - -6). Suppose -u + o = -27. Calculate the remainder when u is divided by 10.
7
Let h = 72 + -121. Let g(z) = -3*z**2 + 75*z + 322. Let t be g(-4). Let i = t - h. Calculate the remainder when 42 is divided by i.
19
Suppose -30*p = -24*p - 384. What is the remainder when p is divided by 17?
13
Calculate the remainder when 270 is divided by 525/28 + (-7)/4.
15
Suppose -108 = -2*h - 8*a + 3*a, 5*a = 2*h - 108. Calculate the remainder when 1726 is divided by h.
52
Suppose -175 - 748 = -13*a. What is the remainder when 200 is divided by a?
58
Suppose 4*c - 20 = -4, -5*n - 5*c + 70 = 0. Suppose 52 = 3*q - 5. Calculate the remainder when 4/n - (-1815)/25 is divided by q.
16
Let r = -23 - -35. Let c = r + 0. Suppose 0 = -x + i + 9, 0 = 4*x - 3*i - 19 - 13. Calculate the remainder when c is divided by x.
2
Let b = 1398 + -1097. What is the remainder when b is divided by 150?
1
Suppose 1476*x - 4512 = 1472*x. Calculate the remainder when x is divided by 13.
10
Let o = 102 + -70. What is the remainder when 142 is divided by o?
14
Suppose 32*j = 33*j - 3. Calculate the remainder when 93 is divided by j.
0
Let g(b) = 2*b**2 - 4*b + 1. Suppose -4*p - 17 = d, -5*d - 4*p = 2 + 3. Let n = -8 - -13. What is the remainder when g(d) is divided by n?
2
Let m be 21/((-1 - 0) + 2). Let k = m + -12. Let o = -328 + 344. What is the remainder when o is divided by k?
7
Let u be (2 - 0)/((-20)/(-30)). What is the remainder when 67 is divided by 2/(u/(1 - -26))?
13
Let s(y) = y**3 - 26*y**2 - 26*y - 11. What is the remainder when 31 is divided by s(27)?
15
Let u(y) = y - 13. Let a be u(9). Let q = a - -13. Calculate the remainder when 43 is divided by q.
7
Let u be (1 - 3345/(-25)) + (-1)/(-5). Let o = -272 + 187. Let l = o + u. What is the remainder when l is divided by 17?
16
Suppose 27*p - 24*p = 2*i + 12358, -4*p - 5*i + 16508 = 0. What is the remainder when p is divided by 33?
30
Suppose -945 = -41*p + 20*p. Calculate the remainder when p is divided by 38.
7
Let h = 8 - 1. Suppose 2*l = -4*d - 198, -2*d + 6*l - 5*l = 89. Let b = 80 + d. What is the remainder when b is divided by h?
5
Let g(w) = -w**2. Let p(r) = 7*r**2 - 6*r - 2. Let d(n) = 6*g(n) + p(n). What is the remainder when ((-16)/((-12)/(-3)))/((-2)/6) is divided by d(7)?
2
Let s = -7 + 9. Suppose 0 = -s*y + o - 43, 5*y - 2*y + 57 = 4*o. Calculate the remainder when -3 - (y - (-3 - -1)) is divided by 10.
8
Suppose -260*u + 442 = 2*q - 255*u, 0 = 4*u - 16. What is the remainder when q is divided by 35?
1
Suppose -2*q = -130 + 28. Calculate the remainder when 156 is divided by q.
3
Let j be 3 + 1 + (4 - 3). Suppose 0 = -5*v + 15, 3*d = v + 102 + 48. Suppose 0*w = w + j, -4*z - 5*w = -d. Calculate the remainder when 73 is divided by z.
16
Suppose 0*g = 2*g - 12. Suppose 0 = -5*r + 4*l + 781, 0 = 2*r - 4*l + l - 311. Let t = -140 + r. What is the remainder when t is divided by g?
5
Let g = -38 + 57. Suppose 17*o - g*o + 48 = 0. Calculate the remainder when 69 is divided by o.
21
Suppose 0 = -5*g + g + 148. Suppose a + 3*a - 4*q = -44, 3*a - 5*q + 35 = 0. What is the remainder when g is divided by 38/5*(-25)/a?
18
Let p(y) = y + 21. Suppose 2*k + 3*k + 5*r + 35 = 0, -k + 2*r = 13. Let d = -9 - k. Calculate the remainder when p(d) is divided by 8.
5
What is the remainder when 52 is divided by (-1152)/(-48) - (-6)/1?
22
Suppose 5*o = -5*r + 50, 0 = -206*o + 210*o + 5*r - 36. Let b = 64 - 40. Calculate the remainder when b is divided by o.
10
Suppose 0 + 21 = 7*k. Suppose 2*n + 12 + 0 = k*p, 0 = -3*p - 4*n + 30. What is the remainder when 14 is divided by p?
2
Let x = 42 + -40. Suppose -6*i + 132 = -x*i + s, 4*s = 16. Calculate the remainder when 60 is divided by i.
28
Suppose -43*z - 9*z = -780. What is the remainder when z is divided by 7?
1
Let z(q) = 5*q - 1. Let d(a) = 6*a - 2. Let v be (0 - 1)/((-10)/(-30)). Let b(c) = v*z(c) + 4*d(c). Calculate the remainder when b(6) is divided by 25.
24
Let m(z) = -z**3 - 3*z**2 - 24*z + 42. What is the remainder when m(-7) is divided by 68?
66
Let o = 93 + -36. What is the remainder when 328 is divided by o?
43
Suppose -3*z + 16 = y, 3*y - z + 12 = 4*y. Suppose 2 = -p + y. What is the remainder when (39/1)/(1 + 0) is divided by p?
7
Let m(j) = j**2 - 4*j**2 + 4*j - 6 + 2*j**2 + 5*j. Let v be m(8). Suppose v*l - 2 = l. Calculate the remainder when l is divided by 2.
0
Suppose 0 = 4*y - 3*s - 348, -4*s - 39 - 61 = -y. Calculate the remainder when y is divided by 22.
18
Let r be 128/(2/1)*9/12. Suppose -2*k = -r - 94. What is the remainder when k is divided by 36?
35
Let d(r) = -12*r**2 - 21*r - r - r**3 + 45 - 34. What is the remainder when 120 is divided by d(-10)?
27
Suppose -5*a = -5*p + 14 + 181, 0 = 5*p - a - 191. Let x(k) = -k**3 - k**2 - 11*k + 189. What is the remainder when x(0) is divided by p?
37
Suppose -5*a = -10 - 20. Suppose 36 = a*q - 54. Calculate the remainder when 25 is divided by q.
10
Let n(p) = -p + 61. What is the remainder when n(20) is divided by 22?
19
Suppose 0 = -2*d + 4 - 10. Let f be (88/33)/((-2)/d). Suppose 4*h + 2*v - 110 = 2*h, f*h + v = 211. Calculate the remainder when h is divided by 14.
10
Let k = -16 + 13. Let f be -1 - (k + 1) - -4. Suppose 19*s + f = 20*s. What is the remainder when s is divided by 5?
0
Suppose -284*o = -279*o - 300. Calculate the remainder when 236 is divided by o.
56
Let x = -34 - -36. Suppose x*w = 45 + 31. Calculate the remainder when (-15)/9*-3*15 is divided by w.
37
Let l(x) be the third derivative of x**5/60 + x**4/12 + x**3/2 - 15*x**2. Calculate the remainder when 35 is divided by l(3).
17
Suppose -f + 5*f - 64 = m, -4*f = 3*m - 80. Let d = f - 8. What is the remainder when (-3 + 2)*-2 - -24 is divided by d?
8
Suppose -16*b + 19*b = 1290. What is the remainder when b is divided by 16?
14
Let v be -4 + 2 - (-9 + 3). Suppose -20 + 120 = v*x. Calculate the remainder when ((-16)/(-10))/(1/30) is divided by x.
23
Let f = -2601 - -2656. Calculate the remainder when 2032 is divided by f.
52
Suppose 3*m + 1 = -2*v + 12, m = v - 8. Let f(j) = j + 2. Let t be f(-4). Let c(k) = -3*k - 1. Calculate the remainder when v is divided by c(t).
2
What is the remainder when 245 is divided by -3*3*19/(-9)?
17
Let s(q) be the third derivative of -q**5/60 - q**4/3 + q**3/3 + 5*q**2. Let y be s(-6). Calculate the remainder when 27 is divided by (7 - 0)*20/y.
7
Let t(n) = -14*n - 427. What is the remainder when t(-35) is divided by 32?
31
Let c(l) = -5*l + 13. Let t(o) = -4*o + 13. Let y(z) = -3*c(z) + 2*t(z). Calculate the remainder when y(3) is divided by (0 + -3)*3/(-3).
2
Suppose -16 = -4*n, 3*n - 30 = -5*v - 2*n. Suppose 2*d + k = 94, -v*d - 4*k + 38 = -62. What is the remainder when d is divided by 24?
22
Let n(g) = -30*g**3 - 2*g**2 + 2. Let c be n(2). Let v = c + 356. What is the remainder when v is divided by 28?
26
Let q(r) = 15*r**2. Let v be q(1). Let g = 0 - -2. Suppose -5*n + k = -v, k + 21 = 3*n - g*k. Calculate the remainder when n is divided by 2.
0
Suppose 35 = 5*v - 55. Suppose -20*t = -v*t - 2. Let r(s) = 9*s**2 + s - 2. Calculate the remainder when r(t) is divided by 3.
2
Let w(l) = l**2 - l + 5. Calculate the remainder when w(-5) is divided by ((-6)/(-15))/((-8)/(-120)).
5
Let b(y) = y**3 - 6*y**2 - 7*y + 8. Suppose -6*q - 36 = -12*q. Let s be b(q). Let k = 61 + s. Calculate the remainder when k is divided by 5.
2
Suppose -9*f - 1472 = -3641. What is the remainder when f is divided by 61?
58
Let l = -68 - -118. Suppose -44 = -6*f + 4*f. Suppose f - 9 = m. What is the remainder when l is divided by m?
11
Suppose k = -i - k + 2, -2*i - 2 = -2*k. Suppose 162 = -i*l + 3*l. Let r = -415 - -443. Calculate the remainder when l is divided by r.
26
Let h = 108 - -67. Calculate the remainder when h is divided by 30.
25
Let l = -203 + 235. Calculate the remainder when 215 is divided by l.
23
Let f = -56 + 58. What is the remainder when (-1 - (f - -1)) + 117 is divided by 19?
18
Let r(v) = v**3 - 3*v**2 + 3*v - 2. Let k be r(2). Suppose -p + 3*p - 50 = k. What is the remainder when p is divided by